{"id":19,"date":"2025-10-25T17:00:35","date_gmt":"2025-10-25T15:00:35","guid":{"rendered":"https:\/\/www.installation-audiovisuel.fr\/?page_id=19"},"modified":"2025-10-25T17:02:32","modified_gmt":"2025-10-25T15:02:32","slug":"a-propos","status":"publish","type":"page","link":"https:\/\/www.installation-audiovisuel.fr\/index.php\/a-propos\/","title":{"rendered":"A propos"},"content":{"rendered":"\n<div style=\"height:var(--wp--preset--spacing--50)\" aria-hidden=\"true\" class=\"wp-block-spacer\"><\/div>\n\n\n\n<div class=\"wp-block-group alignwide has-global-padding is-layout-constrained wp-block-group-is-layout-constrained\">\n<h1 class=\"wp-block-heading alignwide has-xx-large-font-size\" style=\"line-height:1.2\">La soci\u00e9t\u00e9 BSF AVS vous remercie de votre int\u00e9r\u00eat. Vous pouvez nous contacter par email contact@bsf-avs.fr afin de prendre un rendez vous t\u00e9l\u00e9phonique pour discuter de votre projet.<\/h1>\n<\/div>\n\n\n\n<p>BSF AVS &#8211; 1 rue Panhard et Levassor &#8211; 78570 Chanteloup les Vignes<\/p>\n\n\n\n<div class=\"wp-block-group alignfull has-global-padding is-layout-constrained wp-container-core-group-is-layout-0747478d wp-block-group-is-layout-constrained\" style=\"padding-top:var(--wp--preset--spacing--50);padding-right:var(--wp--preset--spacing--50);padding-bottom:var(--wp--preset--spacing--50);padding-left:var(--wp--preset--spacing--50)\">\n<div class=\"wp-block-columns alignwide is-layout-flex wp-container-core-columns-is-layout-ff4b9c61 wp-block-columns-is-layout-flex\" style=\"margin-top:0;margin-bottom:0\">\n<div class=\"wp-block-column is-layout-flow wp-container-core-column-is-layout-8a368f38 wp-block-column-is-layout-flow\">\n<div class=\"wp-block-query is-layout-flow wp-block-query-is-layout-flow\"><\/div>\n<\/div>\n\n\n\n<div class=\"wp-block-column is-layout-flow wp-container-core-column-is-layout-8736a895 wp-block-column-is-layout-flow\" style=\"padding-top:0\">\n<div style=\"height:var(--wp--preset--spacing--50)\" aria-hidden=\"true\" class=\"wp-block-spacer\"><\/div>\n\n\n\n<div class=\"wp-block-query is-layout-flow wp-block-query-is-layout-flow\"><\/div>\n\n\n\n<div style=\"height:var(--wp--preset--spacing--50)\" aria-hidden=\"true\" class=\"wp-block-spacer\"><\/div>\n<\/div>\n\n\n\n<div class=\"wp-block-column is-layout-flow wp-container-core-column-is-layout-8a368f38 wp-block-column-is-layout-flow\">\n<div class=\"wp-block-query is-layout-flow wp-block-query-is-layout-flow\"><\/div>\n<\/div>\n\n\n\n<div class=\"wp-block-column is-layout-flow wp-container-core-column-is-layout-8736a895 wp-block-column-is-layout-flow\" style=\"padding-top:0\">\n<div style=\"height:var(--wp--preset--spacing--50)\" aria-hidden=\"true\" class=\"wp-block-spacer\"><\/div>\n\n\n\n<div class=\"wp-block-query is-layout-flow wp-block-query-is-layout-flow\"><\/div>\n\n\n\n<div style=\"height:var(--wp--preset--spacing--50)\" aria-hidden=\"true\" class=\"wp-block-spacer\"><\/div>\n<\/div>\n<\/div>\n<\/div>\n","protected":false},"excerpt":{"rendered":"<p>La soci\u00e9t\u00e9 BSF AVS vous remercie de votre int\u00e9r\u00eat. Vous pouvez nous contacter par email contact@bsf-avs.fr afin de prendre un rendez vous t\u00e9l\u00e9phonique pour discuter de votre projet. BSF AVS &#8211; 1 rue Panhard et Levassor &#8211; 78570 Chanteloup les Vignes<\/p>\n","protected":false},"author":1,"featured_media":0,"parent":0,"menu_order":0,"comment_status":"closed","ping_status":"closed","template":"","meta":{"footnotes":""},"class_list":["post-19","page","type-page","status-publish","hentry"],"yoast_head":"<!-- This site is optimized with the Yoast SEO plugin v26.2 - https:\/\/yoast.com\/wordpress\/plugins\/seo\/ -->\n<title>A propos - Installation int\u00e9gration audiovisuelle<\/title>\n<meta name=\"robots\" content=\"index, follow, max-snippet:-1, max-image-preview:large, max-video-preview:-1\" \/>\n<link rel=\"canonical\" href=\"https:\/\/www.installation-audiovisuel.fr\/index.php\/a-propos\/\" \/>\n<meta property=\"og:locale\" content=\"fr_FR\" \/>\n<meta property=\"og:type\" content=\"article\" \/>\n<meta property=\"og:title\" content=\"A propos - Installation int\u00e9gration audiovisuelle\" \/>\n<meta property=\"og:description\" content=\"La soci\u00e9t\u00e9 BSF AVS vous remercie de votre int\u00e9r\u00eat. Vous pouvez nous contacter par email contact@bsf-avs.fr afin de prendre un rendez vous t\u00e9l\u00e9phonique pour discuter de votre projet. BSF AVS &#8211; 1 rue Panhard et Levassor &#8211; 78570 Chanteloup les Vignes\" \/>\n<meta property=\"og:url\" content=\"https:\/\/www.installation-audiovisuel.fr\/index.php\/a-propos\/\" \/>\n<meta property=\"og:site_name\" content=\"Installation int\u00e9gration audiovisuelle\" \/>\n<meta property=\"article:modified_time\" content=\"2025-10-25T15:02:32+00:00\" \/>\n<meta name=\"twitter:card\" content=\"summary_large_image\" \/>\n<script type=\"application\/ld+json\" class=\"yoast-schema-graph\">{\"@context\":\"https:\/\/schema.org\",\"@graph\":[{\"@type\":\"WebPage\",\"@id\":\"https:\/\/www.installation-audiovisuel.fr\/index.php\/a-propos\/\",\"url\":\"https:\/\/www.installation-audiovisuel.fr\/index.php\/a-propos\/\",\"name\":\"A propos - Installation int\u00e9gration audiovisuelle\",\"isPartOf\":{\"@id\":\"http:\/\/www.installation-audiovisuel.fr\/#website\"},\"datePublished\":\"2025-10-25T15:00:35+00:00\",\"dateModified\":\"2025-10-25T15:02:32+00:00\",\"breadcrumb\":{\"@id\":\"https:\/\/www.installation-audiovisuel.fr\/index.php\/a-propos\/#breadcrumb\"},\"inLanguage\":\"fr-FR\",\"potentialAction\":[{\"@type\":\"ReadAction\",\"target\":[\"https:\/\/www.installation-audiovisuel.fr\/index.php\/a-propos\/\"]}]},{\"@type\":\"BreadcrumbList\",\"@id\":\"https:\/\/www.installation-audiovisuel.fr\/index.php\/a-propos\/#breadcrumb\",\"itemListElement\":[{\"@type\":\"ListItem\",\"position\":1,\"name\":\"Accueil\",\"item\":\"http:\/\/www.installation-audiovisuel.fr\/\"},{\"@type\":\"ListItem\",\"position\":2,\"name\":\"A propos\"}]},{\"@type\":\"WebSite\",\"@id\":\"http:\/\/www.installation-audiovisuel.fr\/#website\",\"url\":\"http:\/\/www.installation-audiovisuel.fr\/\",\"name\":\"Installation int\u00e9gration audiovisuelle\",\"description\":\"Plus de 20 ans d&#039;exp\u00e9rience et d&#039;expertise audiovisuelle\",\"publisher\":{\"@id\":\"http:\/\/www.installation-audiovisuel.fr\/#organization\"},\"potentialAction\":[{\"@type\":\"SearchAction\",\"target\":{\"@type\":\"EntryPoint\",\"urlTemplate\":\"http:\/\/www.installation-audiovisuel.fr\/?s={search_term_string}\"},\"query-input\":{\"@type\":\"PropertyValueSpecification\",\"valueRequired\":true,\"valueName\":\"search_term_string\"}}],\"inLanguage\":\"fr-FR\"},{\"@type\":\"Organization\",\"@id\":\"http:\/\/www.installation-audiovisuel.fr\/#organization\",\"name\":\"BSF AVS\",\"url\":\"http:\/\/www.installation-audiovisuel.fr\/\",\"logo\":{\"@type\":\"ImageObject\",\"inLanguage\":\"fr-FR\",\"@id\":\"http:\/\/www.installation-audiovisuel.fr\/#\/schema\/logo\/image\/\",\"url\":\"https:\/\/www.installation-audiovisuel.fr\/wp-content\/uploads\/2025\/10\/Logo-BSF-AVS.png\",\"contentUrl\":\"https:\/\/www.installation-audiovisuel.fr\/wp-content\/uploads\/2025\/10\/Logo-BSF-AVS.png\",\"width\":751,\"height\":750,\"caption\":\"BSF AVS\"},\"image\":{\"@id\":\"http:\/\/www.installation-audiovisuel.fr\/#\/schema\/logo\/image\/\"}}]}<\/script>\n<!-- \/ Yoast SEO plugin. -->","yoast_head_json":{"title":"A propos - Installation int\u00e9gration audiovisuelle","robots":{"index":"index","follow":"follow","max-snippet":"max-snippet:-1","max-image-preview":"max-image-preview:large","max-video-preview":"max-video-preview:-1"},"canonical":"https:\/\/www.installation-audiovisuel.fr\/index.php\/a-propos\/","og_locale":"fr_FR","og_type":"article","og_title":"A propos - Installation int\u00e9gration audiovisuelle","og_description":"La soci\u00e9t\u00e9 BSF AVS vous remercie de votre int\u00e9r\u00eat. Vous pouvez nous contacter par email contact@bsf-avs.fr afin de prendre un rendez vous t\u00e9l\u00e9phonique pour discuter de votre projet. BSF AVS &#8211; 1 rue Panhard et Levassor &#8211; 78570 Chanteloup les Vignes","og_url":"https:\/\/www.installation-audiovisuel.fr\/index.php\/a-propos\/","og_site_name":"Installation int\u00e9gration audiovisuelle","article_modified_time":"2025-10-25T15:02:32+00:00","twitter_card":"summary_large_image","schema":{"@context":"https:\/\/schema.org","@graph":[{"@type":"WebPage","@id":"https:\/\/www.installation-audiovisuel.fr\/index.php\/a-propos\/","url":"https:\/\/www.installation-audiovisuel.fr\/index.php\/a-propos\/","name":"A propos - Installation int\u00e9gration audiovisuelle","isPartOf":{"@id":"http:\/\/www.installation-audiovisuel.fr\/#website"},"datePublished":"2025-10-25T15:00:35+00:00","dateModified":"2025-10-25T15:02:32+00:00","breadcrumb":{"@id":"https:\/\/www.installation-audiovisuel.fr\/index.php\/a-propos\/#breadcrumb"},"inLanguage":"fr-FR","potentialAction":[{"@type":"ReadAction","target":["https:\/\/www.installation-audiovisuel.fr\/index.php\/a-propos\/"]}]},{"@type":"BreadcrumbList","@id":"https:\/\/www.installation-audiovisuel.fr\/index.php\/a-propos\/#breadcrumb","itemListElement":[{"@type":"ListItem","position":1,"name":"Accueil","item":"http:\/\/www.installation-audiovisuel.fr\/"},{"@type":"ListItem","position":2,"name":"A propos"}]},{"@type":"WebSite","@id":"http:\/\/www.installation-audiovisuel.fr\/#website","url":"http:\/\/www.installation-audiovisuel.fr\/","name":"Installation int\u00e9gration audiovisuelle","description":"Plus de 20 ans d&#039;exp\u00e9rience et d&#039;expertise audiovisuelle","publisher":{"@id":"http:\/\/www.installation-audiovisuel.fr\/#organization"},"potentialAction":[{"@type":"SearchAction","target":{"@type":"EntryPoint","urlTemplate":"http:\/\/www.installation-audiovisuel.fr\/?s={search_term_string}"},"query-input":{"@type":"PropertyValueSpecification","valueRequired":true,"valueName":"search_term_string"}}],"inLanguage":"fr-FR"},{"@type":"Organization","@id":"http:\/\/www.installation-audiovisuel.fr\/#organization","name":"BSF AVS","url":"http:\/\/www.installation-audiovisuel.fr\/","logo":{"@type":"ImageObject","inLanguage":"fr-FR","@id":"http:\/\/www.installation-audiovisuel.fr\/#\/schema\/logo\/image\/","url":"https:\/\/www.installation-audiovisuel.fr\/wp-content\/uploads\/2025\/10\/Logo-BSF-AVS.png","contentUrl":"https:\/\/www.installation-audiovisuel.fr\/wp-content\/uploads\/2025\/10\/Logo-BSF-AVS.png","width":751,"height":750,"caption":"BSF AVS"},"image":{"@id":"http:\/\/www.installation-audiovisuel.fr\/#\/schema\/logo\/image\/"}}]}},"_links":{"self":[{"href":"https:\/\/www.installation-audiovisuel.fr\/index.php\/wp-json\/wp\/v2\/pages\/19","targetHints":{"allow":["GET"]}}],"collection":[{"href":"https:\/\/www.installation-audiovisuel.fr\/index.php\/wp-json\/wp\/v2\/pages"}],"about":[{"href":"https:\/\/www.installation-audiovisuel.fr\/index.php\/wp-json\/wp\/v2\/types\/page"}],"author":[{"embeddable":true,"href":"https:\/\/www.installation-audiovisuel.fr\/index.php\/wp-json\/wp\/v2\/users\/1"}],"replies":[{"embeddable":true,"href":"https:\/\/www.installation-audiovisuel.fr\/index.php\/wp-json\/wp\/v2\/comments?post=19"}],"version-history":[{"count":2,"href":"https:\/\/www.installation-audiovisuel.fr\/index.php\/wp-json\/wp\/v2\/pages\/19\/revisions"}],"predecessor-version":[{"id":22,"href":"https:\/\/www.installation-audiovisuel.fr\/index.php\/wp-json\/wp\/v2\/pages\/19\/revisions\/22"}],"wp:attachment":[{"href":"https:\/\/www.installation-audiovisuel.fr\/index.php\/wp-json\/wp\/v2\/media?parent=19"}],"curies":[{"name":"wp","href":"https:\/\/api.w.org\/{rel}","templated":true}]}}